?
103
In base 12, what is 1 + 96?
97
In base 9, what is 5 - 33?
-27
In base 5, what is -11022 + -11?
-11033
In base 8, what is -30 + 1310?
1260
In base 3, what is 121 + 1012?
1210
In base 3, what is -12 + -101?
-120
In base 7, what is 643 - -12?
655
In base 2, what is -10110010111 - -101?
-10110010010
In base 5, what is -11240 + 0?
-11240
In base 15, what is -1a00 - 0?
-1a00
In base 3, what is 2210 - -20?
10000
In base 7, what is 41 - 1300?
-1226
In base 3, what is 2211 + 10?
2221
In base 6, what is -1 + 22344?
22343
In base 8, what is -35 - 1?
-36
In base 6, what is -444133 + 5?
-444124
In base 6, what is 2402 + -31?
2331
In base 2, what is 1000 - -101?
1101
In base 3, what is 21 - 100211?
-100120
In base 13, what is 677 + -16?
661
In base 4, what is 1103213 - -2?
1103221
In base 2, what is 1011000101 + 101?
1011001010
In base 6, what is -5 - 140?
-145
In base 13, what is -2 + 172?
170
In base 11, what is 1 - -1192?
1193
In base 6, what is 3 - 31?
-24
In base 3, what is -10 - 1010?
-1020
In base 7, what is 35 - -6?
44
In base 4, what is 2 + -20113?
-20111
In base 10, what is 51 + 3?
54
In base 14, what is 42 + 16?
58
In base 15, what is 3 + -4b?
-48
In base 13, what is -9 - 2?
-b
In base 5, what is -2043 + 12?
-2031
In base 6, what is -12 - -1534?
1522
In base 13, what is 52 + -3?
4c
In base 9, what is 358 + 1?
360
In base 3, what is 100211 + -1?
100210
In base 13, what is 1c9 + 4?
200
In base 11, what is -4 + -34?
-38
In base 5, what is 402 + 4?
411
In base 12, what is -2 + -3b2?
-3b4
In base 4, what is -1013 + -3?
-1022
In base 2, what is -10111101100100 - -10?
-10111101100010
In base 13, what is -37 - -3b?
4
In base 10, what is 13305 + 2?
13307
In base 13, what is -118 - -4?
-114
In base 9, what is 35 - -4?
40
In base 9, what is -4 + 470?
465
In base 10, what is 2 + 38?
40
In base 14, what is -5 + 2?
-3
In base 15, what is 1d3 - -1?
1d4
In base 8, what is 677 - -2?
701
In base 10, what is 850 - 6?
844
In base 11, what is -5 - -100?
a6
In base 7, what is -10 - 10226?
-10236
In base 12, what is -2b + -3?
-32
In base 5, what is -421122 - 2?
-421124
In base 6, what is -4 + -413?
-421
In base 7, what is -2 - 1234?
-1236
In base 5, what is -1 - -233?
232
In base 11, what is -4 + 476?
472
In base 11, what is 151 - -10?
161
In base 8, what is 4 - -4351?
4355
In base 10, what is 0 - 23?
-23
In base 10, what is -9566 + -1?
-9567
In base 3, what is -11022 + -11?
-11110
In base 16, what is 20 - 2?
1e
In base 7, what is -363 - -1?
-362
In base 13, what is 7c + -5?
77
In base 14, what is -1c6 - -29?
-19b
In base 7, what is -4 - 110?
-114
In base 10, what is 132 + 28?
160
In base 16, what is 7 - 4a?
-43
In base 11, what is 27 + -390?
-364
In base 4, what is 20 + -1011?
-331
In base 10, what is 0 + 198?
198
In base 2, what is -10001 + 110101?
100100
In base 13, what is 2 + -c6?
-c4
In base 10, what is 2495 - 3?
2492
In base 11, what is 5 + -16?
-11
In base 4, what is 2220 - 1?
2213
In base 3, what is 1 + -1011?
-1010
In base 10, what is 164 + 1?
165
In base 10, what is 2 - -5?
7
In base 15, what is 0 + 0?
0
In base 5, what is 10033 - -12?
10100
In base 9, what is -42 + -4?
-46
In base 5, what is -3 - -1121?
1113
In base 8, what is -472 + 16?
-454
In base 7, what is 65 + 13?
111
In base 15, what is -4 + 127?
123
In base 13, what is -10a + -4?
-111
In base 8, what is 17736 - 1?
17735
In base 14, what is -3 - 1cd?
-1d2
In base 12, what is -3 - a9?
-b0
In base 12, what is -448a - 3?
-4491
In base 15, what is -4 + -51?
-55
In base 13, what is 21 - -14?
35
In base 2, what is -10110 + 1?
-10101
In base 14, what is 278 + 5?
27d
In base 6, what is 10 - -25?
35
In base 4, what is 221201 - 1?
221200
In base 8, what is -2443 + 4?
-2437
In base 11, what is 0 - 6622?
-6622
In base 13, what is -c + -1a?
-29
In base 5, what is 2 + 3100?
3102
In base 11, what is 165 + -5?
160
In base 14, what is -2 + 3d?
3b
In base 14, what is -28 - -5?
-23
In base 13, what is 2217 - 2?
2215
In base 16, what is -63 + 0?
-63
In base 11, what is -2 + -791?
-793
In base 12, what is 32 - 77?
-45
In base 5, what is 24 + 204?
233
In base 14, what is d32 - 5?
d2b
In base 12, what is -1 + 414?
413
In base 16, what is 34 - 0?
34
In base 11, what is 2 + 3988?
398a
In base 14, what is 380 + 2d?
3ad
In base 7, what is -1016 + 12?
-1004
In base 15, what is -15 + -145?
-15a
In base 10, what is 15994 + -5?
15989
In base 7, what is 145433 + 2?
145435
In base 10, what is -8 - 151?
-159
In base 2, what is -11 + 1110111100?
1110111001
In base 9, what is 5 + -122?
-116
In base 2, what is -10101 - 1001001?
-1011110
In base 8, what is 50 + -1?
47
In base 13, what is 79 - -b?
87
In base 5, what is 201112 + 2?
201114
In base 2, what is 11011 - 0?
11011
In base 10, what is 217 + 1?
218
In base 10, what is -1725 - 0?
-1725
In base 10, what is 1505 + 2?
1507
In base 10, what is -205 - 9?
-214
In base 5, what is -10 + -1001?
-1011
In base 2, what is -11111011 + 1010?
-11110001
In base 6, what is -5 + 14?
5
In base 4, what is -11 - 10300?
-10311
In base 11, what is -51 - 0?
-51
In base 9, what is 1 - 47?
-46
In base 7, what is 36 - -64?
133
In base 9, what is 5 - -200?
205
In base 12, what is 4a1 + 1?
4a2
In base 12, what is -11 - 67?
-78
In base 11, what is 40 + 7?
47
In base 3, what is 11 - -1000002?
1000020
In base 16, what is -b - -b?
0
In base 6, what is 11052 + 5?
11101
In base 4, what is 10020 + 120?
10200
In base 11, what is 9 - -259?
267
In base 2, what is 100 - -1010000100?
1010001000
In base 14, what is 12 - -6?
18
In base 10, what is -63 - -1?
-62
In base 11, what is -1 + -9a6?
-9a7
In base 12, what is -3 - -a0?
99
In base 15, what is 25 + -36?
-11
In base 12, what is 77 - -2?
79
In base 4, what is -3210 + 2?
-3202
In base 6, what is -32 + -1?
-33
In base 16, what is 4 + 2bc?
2c0
In base 13, what is 424 + 2?
426
In base 12, what is 0 - 2a?
-2a
In base 14, what is 144 + 5?
149
In base 13, what is 2 - -43?
45
In base 3, what is 12010 + 200?
12210
In base 2, what is -101100 + 1010?
-100010
In base 4, what is -12223 + 11?
-12212
In base 8, what is 516 + 5?
523
In base 10, what is 151 + -3?
148
In base 3, what is 2002 + -10?
1222
In base 11, what is -18 + -18?
-35
In base 3, what is 120110 + -22?
120011
In base 4, what is -320223 + 11?
-320212
In base 13, what is -1079 - 3?
-107c
In base 8, what is 50 - 4?
44
In base 12, what is -7 + -1?
-8
In base 10, what is 1 + 757?
758
In base 5, what is -10112 - -11?
-10101
In base 2, what is -111 + 10010000?
10001001
In base 10, what is 15 + -68?
-53
In base 9, what is 188 - 4?
184
In base 12, what is -28 - 0?
-28
In base 8, what is 4 - -25?
31
In base 13, what is 3 - -32?
35
In base 6, what is 2 + -115?
-113
In base 7, what is 66 - 266?
-200
In base 16, what is 2005 - -5?
200a
In base 8, what is -4425 + 2?
-4423
In base 7, what is -5 + 323?
315
In base 13, what is 0 - 424?
-424
In base 12, what is 3b + 5?
44
In base 2, what is 1010000001 - -11?
1010000100
In base 2, what is -1000001 - 1000?
-1001001
In base 12, what is 20 - -227?
247
In base 12, what is 152 - 3?
14b
In base 15, what is 0 + -21?
-21
In base 11, what is -7 + 858?
851
In base 3, what is 211 + 100?
1011
In base 5, what is 4 + -1011?
-1002
In base 4, what is -2 - -211223?
211221
In base 9, what is -230 + -2?
-232
In base 4, what is -11 - -30312?
30301
In base 10, what is 4 + -134?
-130
In base 11, what is 0 + 692?
692
In base 2, what is -11 + 100100?
100001
In base 6, what is 131 + 0?
131
In base 12, what is -1 + 196?
195
In base 7, what is 15 - -55?
103
In base 11, what is 3 + 89?
91
In base 7, what is -55 + -4?
-62
In base 7, what is -4 - -1460?
1453
In base 12, what is 186 - 1?
185
In base 10, what is -1 - 261?
-262
In base 3, what is 21 + -210?
-112
In base 13, what is -456 + 5?
-451
In base 9, what is 1200 + 17?
1217
In base 8, what is -4 + 21?
15
In base 9, what is -60 - 11?
-71
In base 15, what is -34 - 4?
-38
In base 14, what is a + -24b?
-241
In base 4, what is 1 - -11200?
11201
In base 9, what is -142 - 2?
-144
In base 14, what is -16bd - -4?
-16b9
In base 8, what is 21 + 640?
661
In base 8, what is -556 + 10?
-546
In base 8, what is 223 - 22?
201
In base 11, what is -5 - -88?
83
In base 13, what is 4264 + 5?
4269
In base 16, what is -1c + 13a?
11e
In base 7, what is -5 + -3401?
-3406
In base 